 the remainder when 176 is divided by 36?
32
Calculate the remainder when 657 is divided by 10.
7
Calculate the remainder when 407 is divided by 69.
62
Calculate the remainder when 2273 is divided by 2271.
2
Calculate the remainder when 822 is divided by 52.
42
What is the remainder when 89 is divided by 18?
17
What is the remainder when 440 is divided by 305?
135
Calculate the remainder when 89 is divided by 20.
9
Calculate the remainder when 103 is divided by 35.
33
What is the remainder when 479 is divided by 168?
143
Calculate the remainder when 404 is divided by 34.
30
What is the remainder when 434 is divided by 199?
36
What is the remainder when 1071 is divided by 49?
42
What is the remainder when 474 is divided by 163?
148
Calculate the remainder when 903 is divided by 118.
77
Calculate the remainder when 857 is divided by 22.
21
Calculate the remainder when 74 is divided by 31.
12
Calculate the remainder when 42 is divided by 9.
6
What is the remainder when 58 is divided by 12?
10
What is the remainder when 1128 is divided by 215?
53
What is the remainder when 410 is divided by 134?
8
What is the remainder when 158 is divided by 40?
38
Calculate the remainder when 589 is divided by 57.
19
What is the remainder when 702 is divided by 103?
84
What is the remainder when 1676 is divided by 333?
11
Calculate the remainder when 567 is divided by 58.
45
Calculate the remainder when 146 is divided by 19.
13
Calculate the remainder when 2598 is divided by 23.
22
Calculate the remainder when 24642 is divided by 12.
6
What is the remainder when 341 is divided by 86?
83
What is the remainder when 2940 is divided by 585?
15
What is the remainder when 209 is divided by 49?
13
Calculate the remainder when 37 is divided by 37.
0
What is the remainder when 8687 is divided by 24?
23
Calculate the remainder when 589 is divided by 10.
9
What is the remainder when 459 is divided by 29?
24
What is the remainder when 3398 is divided by 136?
134
Calculate the remainder when 696 is divided by 296.
104
Calculate the remainder when 1589 is divided by 53.
52
Calculate the remainder when 152 is divided by 7.
5
What is the remainder when 458 is divided by 92?
90
What is the remainder when 129 is divided by 45?
39
Calculate the remainder when 6231 is divided by 3106.
19
What is the remainder when 1211 is divided by 151?
3
Calculate the remainder when 955 is divided by 460.
35
Calculate the remainder when 18953 is divided by 39.
38
What is the remainder when 5805 is divided by 129?
0
Calculate the remainder when 1126 is divided by 547.
32
What is the remainder when 620 is divided by 77?
4
What is the remainder when 22 is divided by 13?
9
What is the remainder when 63 is divided by 32?
31
What is the remainder when 222 is divided by 32?
30
Calculate the remainder when 25 is divided by 16.
9
Calculate the remainder when 215 is divided by 15.
5
What is the remainder when 511 is divided by 9?
7
Calculate the remainder when 22 is divided by 7.
1
What is the remainder when 52 is divided by 27?
25
Calculate the remainder when 45 is divided by 26.
19
Calculate the remainder when 174 is divided by 59.
56
What is the remainder when 833 is divided by 45?
23
Calculate the remainder when 204 is divided by 53.
45
What is the remainder when 4010 is divided by 154?
6
What is the remainder when 26234 is divided by 14?
12
Calculate the remainder when 417 is divided by 15.
12
What is the remainder when 526 is divided by 10?
6
What is the remainder when 775 is divided by 273?
229
Calculate the remainder when 237 is divided by 50.
37
Calculate the remainder when 112 is divided by 104.
8
Calculate the remainder when 1256 is divided by 56.
24
What is the remainder when 425 is divided by 86?
81
What is the remainder when 355 is divided by 115?
10
Calculate the remainder when 122 is divided by 62.
60
What is the remainder when 1202 is divided by 43?
41
Calculate the remainder when 674 is divided by 52.
50
What is the remainder when 216 is divided by 109?
107
What is the remainder when 130 is divided by 57?
16
Calculate the remainder when 51 is divided by 18.
15
Calculate the remainder when 22 is divided by 22.
0
What is the remainder when 227 is divided by 10?
7
What is the remainder when 586 is divided by 84?
82
What is the remainder when 236 is divided by 4?
0
Calculate the remainder when 1631 is divided by 102.
101
What is the remainder when 202 is divided by 62?
16
Calculate the remainder when 22 is divided by 17.
5
What is the remainder when 207 is divided by 48?
15
Calculate the remainder when 2489 is divided by 2480.
9
What is the remainder when 8642 is divided by 22?
18
Calculate the remainder when 2297 is divided by 59.
55
What is the remainder when 275 is divided by 150?
125
Calculate the remainder when 1078 is divided by 6.
4
Calculate the remainder when 209 is divided by 120.
89
Calculate the remainder when 345 is divided by 114.
3
What is the remainder when 455 is divided by 69?
41
What is the remainder when 372 is divided by 58?
24
What is the remainder when 909 is divided by 70?
69
What is the remainder when 413 is divided by 18?
17
Calculate the remainder when 306 is divided by 93.
27
What is the remainder when 78 is divided by 15?
3
Calculate the remainder when 63 is divided by 48.
15
What is the remainder when 317 is divided by 77?
9
What is the remainder when 168 is divided by 43?
39
Calculate the remainder when 755 is divided by 158.
123
What is the remainder when 500 is divided by 28?
24
What is the remainder when 173 is divided by 20?
13
Calculate the remainder when 5861 is divided by 143.
141
What is the remainder when 699 is divided by 5?
4
What is the remainder when 44 is divided by 16?
12
Calculate the remainder when 873 is divided by 283.
24
Calculate the remainder when 272 is divided by 77.
41
What is the remainder when 277 is divided by 40?
37
What is the remainder when 582 is divided by 16?
6
Calculate the remainder when 60 is divided by 12.
0
Calculate the remainder when 266 is divided by 13.
6
Calculate the remainder when 148 is divided by 11.
5
What is the remainder when 3567 is divided by 170?
167
What is the remainder when 130 is divided by 63?
4
Calculate the remainder when 36 is divided by 31.
5
Calculate the remainder when 117 is divided by 11.
7
What is the remainder when 3122 is divided by 25?
22
Calculate the remainder when 803 is divided by 754.
49
Calculate the remainder when 1273 is divided by 58.
55
Calculate the remainder when 95 is divided by 33.
29
What is the remainder when 3720 is divided by 113?
104
What is the remainder when 51 is divided by 19?
13
What is the remainder when 1261 is divided by 206?
25
Calculate the remainder when 290 is divided by 83.
41
Calculate the remainder when 1595 is divided by 201.
188
Calculate the remainder when 5642 is divided by 1126.
12
Calculate the remainder when 172 is divided by 45.
37
What is the remainder when 130 is divided by 50?
30
Calculate the remainder when 143 is divided by 28.
3
What is the remainder when 1185 is divided by 33?
30
Calculate the remainder when 1533 is divided by 59.
58
Calculate the remainder when 37 is divided by 33.
4
What is the remainder when 2126 is divided by 76?
74
What is the remainder when 1127 is divided by 6?
5
Calculate the remainder when 1612 is divided by 3.
1
What is the remainder when 225 is divided by 70?
15
What is the remainder when 1341 is divided by 16?
13
What is the remainder when 2023 is divided by 3?
1
What is the remainder when 30 is divided by 12?
6
Calculate the remainder when 737 is divided by 120.
17
Calculate the remainder when 1076 is divided by 202.
66
Calculate the remainder when 3609 is divided by 12.
9
Calculate the remainder when 564 is divided by 193.
178
What is the remainder when 39 is divided by 6?
3
What is the remainder when 628 is divided by 138?
76
Calculate the remainder when 986 is divided by 13.
11
Calculate the remainder when 2885 is divided by 13.
12
What is the remainder when 95173 is divided by 75?
73
What is the remainder when 62 is divided by 39?
23
Calculate the remainder when 36060 is divided by 112.
108
Calculate the remainder when 46679 is divided by 34.
31
What is the remainder when 252 is divided by 85?
82
What is th